 prime factors of l.
59
Suppose 0 = -4*i - 4*d - 0*d + 152, -2*d - 32 = -i. List the prime factors of i.
2, 3
Suppose 18 + 52 = 2*q. Let z = q - 20. What are the prime factors of z?
3, 5
Suppose 4*m - v - 126 = 153, m + 2*v = 81. List the prime factors of m.
71
Let s = 209 - 128. List the prime factors of s.
3
Let q = -1 + 39. Let t = q - 27. List the prime factors of t.
11
Suppose -5*t - 30 = -3*c, 0*c + 12 = -2*t - 2*c. Let u = -1 - t. What are the prime factors of u?
5
List the prime factors of 277 + (-1 - -3 - 0).
3, 31
Let q(w) = w**2 - w + 1. Let j(a) = a**2 - 4*a + 1. Let k(h) = -j(h) + 2*q(h). Let p be k(-2). Suppose y = 3 - p. What are the prime factors of y?
2
What are the prime factors of 2944/36 - 10/(-135)*3?
2, 41
Let d(b) = 10*b - 1. Let k be d(1). Suppose -4*f + k = -11. Suppose 2*s + 14 = 5*n - 0*n, -5*s + 5*n - f = 0. List the prime factors of s.
3
Suppose -p + 3 = -2. What are the prime factors of 52/5 + 3/p?
11
Let a be 2/(-5) - 26/10. Let u be ((-5)/a)/(1/3). Suppose u*m - 2*m = 33. What are the prime factors of m?
11
Let d(h) = -2*h + 17. What are the prime factors of d(-8)?
3, 11
Let p = 68 + -35. List the prime factors of p.
3, 11
Let p = -67 - -161. List the prime factors of p.
2, 47
Let f = 1 + 1. Suppose f*d - d = 28. List the prime factors of d.
2, 7
Suppose 5*c + 2*a - 329 = 0, 4*c - a + 0*a - 271 = 0. What are the prime factors of c?
67
Suppose 3*t - 9 = -4*w + 3, 3 = -t + w. Suppose t*z - 4*z = -40. List the prime factors of ((-14)/4)/((-5)/z).
7
Suppose -r = -2*l + 3, 5 = 3*l + 2*r - 3. Let p(y) = -y**2 - 2*y**2 + 4*y**l - y. List the prime factors of p(2).
2
Let s(u) = -u**2 + 5*u - 6. Let d be s(4). Let t(b) = 4*b**2 + 4*b + 4. What are the prime factors of t(d)?
2, 3
Let p = 18 - -70. What are the prime factors of p?
2, 11
Suppose 203*t = 205*t - 530. What are the prime factors of t?
5, 53
Let g be 34/6 + 36/(-54). Suppose a = -4*l + 13, a - g*l - 6 - 43 = 0. What are the prime factors of a?
29
Suppose 4*g = 8*g - 4*p + 4, -g - 5 = -3*p. Let o be 3 + -4 + g*4. Suppose o*k - 48 = -0*k. List the prime factors of k.
2
Suppose -2*q = -0*q - 24. Suppose -2*g = -1 - 3. Suppose -31 + q = -g*f + b, 3*f + 5*b + 4 = 0. What are the prime factors of f?
7
Let z(j) = j**2 - 6*j + 3. Suppose -2*k + 10 = 3*k, i - 2*k - 4 = 0. List the prime factors of z(i).
19
What are the prime factors of 4/(-12) - 85/(-3)?
2, 7
Suppose i + 16 = 49. What are the prime factors of i?
3, 11
Let d(s) = -4*s - 1. Let t be d(-1). Suppose -80 = t*v - 8*v. List the prime factors of v.
2
Suppose 5*s + 3*v - 480 = 3*s, -s = 3*v - 234. List the prime factors of s.
2, 3, 41
Let m(r) be the third derivative of -r**2 + 0 - 1/60*r**5 + 1/24*r**4 + 1/120*r**6 + 0*r + 1/3*r**3. List the prime factors of m(0).
2
Let c(m) = -m**3 - 8*m**2 - 4*m - 15. List the prime factors of c(-8).
17
Let x(h) = h**2 - 4*h + 16. Let k be x(11). Suppose 2*j + j - k = 0. What are the prime factors of j?
31
Let f be 0/(1*(1 + -2)). Let j = 6 - f. What are the prime factors of j?
2, 3
Let h(p) = 35*p**2 - 2*p + 1. What are the prime factors of h(1)?
2, 17
Let q = -43 + 191. List the prime factors of q.
2, 37
Suppose 16 = -3*j - j. Let x(v) = -v**2 - 5*v - 1. List the prime factors of x(j).
3
What are the prime factors of (1 - 5)/1 - -58?
2, 3
Let q = -10 - -46. Let u(f) = 3*f - 14. Let h be u(6). Suppose 0 = h*z - z - q. List the prime factors of z.
2, 3
Suppose 1 - 4 = -t. Suppose 3*v - t*m = 2*m - 16, 11 = 2*v + m. Suppose -v*g + 32 = g. What are the prime factors of g?
2
Let a(y) = y - 3. Let c be a(3). Suppose c = 2*k - 80 - 80. Suppose 5*i - 1 = 2*o, -2*o - k = -7*o - 4*i. List the prime factors of o.
2, 3
Suppose 0 = -0*m - 2*m + 28. Let q be (-3)/(-1)*30/(-9). Let g = q + m. What are the prime factors of g?
2
Let v = -9 + 14. Suppose 4 = 4*l + s, 4*l = l - v*s - 14. List the prime factors of l.
2
Let l(r) = r + 2. Let h be l(2). Suppose -h*f + 21 = -7. List the prime factors of f.
7
Let b(z) = 15*z - 1. Let v(y) = -7*y + 1. Let g(w) = 6*b(w) + 13*v(w). Let k be g(0). Suppose k - 2 = l. List the prime factors of l.
5
Suppose 4*i - 5*a = -5, -5*i - 3*a + 50 - 10 = 0. Suppose 0*k - i*k + 110 = 0. What are the prime factors of k?
2, 11
Let h = 147 + -38. List the prime factors of h.
109
Let v = 0 - -1. Suppose -5*l = -4*l + 9. List the prime factors of (v + 2)/(l/(-24)).
2
Let d(o) = o - 1. Let p be d(6). Suppose -15 = p*h - 4*w, 2*h + 9 = -h - 5*w. List the prime factors of (-1)/h + 190/15.
13
Let a = -64 + 40. Let l = a + 36. List the prime factors of l.
2, 3
Suppose 5*r + 160 = 460. List the prime factors of r.
2, 3, 5
Let l = -34 + 50. Suppose 0 = y - 4*d - 29, -2*d + 7*d = -y - l. List the prime factors of (-2)/9 - (-83)/y.
3
Suppose -3*y = y - 140. What are the prime factors of y?
5, 7
Let q(w) = -w**3 + 3*w**2 + 4*w + 3. Suppose -5*m - 16 - 4 = 0. Let t = m + 8. List the prime factors of q(t).
3
Let v = 22 + 214. Suppose -8*g = -6*g - v. Suppose -13 + g = 5*r. List the prime factors of r.
3, 7
Suppose 80 = -d - 4*d. Let t = -13 - d. What are the prime factors of t?
3
Suppose 3*p - 4*g + 3*g = 79, 63 = 3*p + 3*g. Let a be (-2)/(-6) - 228/(-18). Let f = p - a. What are the prime factors of f?
2, 3
Let i = -26 - -77. What are the prime factors of i?
3, 17
Let l(r) = -6*r**2 + 2 + r - r**2 - 2*r - 4*r**3 + 4*r**2. Let i be l(-2). Suppose -2*o - 2 = -i. What are the prime factors of o?
11
Let i(v) = -3*v + 8. What are the prime factors of i(-5)?
23
Suppose -c - 138 = -3*c. List the prime factors of c.
3, 23
Suppose -4*c + 13 + 185 = 2*s, 39 = c - 3*s. List the prime factors of (-3)/((-9)/c - 0).
2
Let o(l) = l**2 + 3*l - 4. Let a = -8 + 3. List the prime factors of o(a).
2, 3
Suppose -5*n - 4*f = -1122, n - 6*n - 5*f + 1120 = 0. What are the prime factors of n?
2, 113
Let b be (2 - -3)/(-1 - 0). Let r = b - -8. What are the prime factors of r?
3
Suppose 46 = 2*a - 164. List the prime factors of a.
3, 5, 7
Suppose 0 = -2*k - 39 + 93. Let o be (-1)/(((-4)/(-26))/2). Let a = o + k. What are the prime factors of a?
2, 7
Let h = -285 - -534. List the prime factors of h.
3, 83
Suppose 2*n + 14 = 3*a - 9, a + 11 = -4*n. Let t be 2 + (n - -2 - -1). List the prime factors of 11 + t*(1 + -1).
11
Suppose 5*j + 5*q - 20 = 10, -3*j + 5*q = -26. What are the prime factors of j?
7
Suppose 0 = -5*k - 15 + 155. Suppose t + k = 3*t. List the prime factors of t.
2, 7
Let w be (-1 + -1)*2/1. What are the prime factors of (-32)/6*15/w?
2, 5
Suppose -i + 111 = 2*i. What are the prime factors of i?
37
Let c(q) = 33*q + 5. List the prime factors of c(2).
71
Suppose 8 = 3*x - 1. Suppose -x*k = -2*k - 50. List the prime factors of k.
2, 5
Let n(t) = -21*t. Let v(k) = -2*k + 4. Let o(w) = 3*w - 8. Let h(i) = -3*o(i) - 5*v(i). Let j be h(-5). What are the prime factors of n(j)?
3, 7
Suppose 311 = -4*x + 9*x + 2*q, 5*q + 325 = 5*x. What are the prime factors of x?
3, 7
Let a(f) = f**3 + 13*f**2 + 8*f - 7. Let q be a(-12). Suppose -q = -4*z + 23. List the prime factors of z.
2
Suppose -128 = -3*q - 2*h, 4*h = 2*q - 5*q + 124. List the prime factors of 4/(-22) - (-1636)/q.
37
Let x(v) = -v - 7. Let g be x(-8). What are the prime factors of ((-3)/2)/(g/(-4))?
2, 3
Suppose -3*x - 198 = -5*n, -x + 88 = 2*n - 0*n. Suppose 0 = -s - 3*p, s + 4*s - n = -p. List the prime factors of s.
3
Let a(x) = -x**2 - 6*x - 2. Let b be a(-4). Suppose 3*m - 36 - b = 0. What are the prime factors of m?
2, 7
Let y(v) = 2*v**3 - v + v - 2 - v**3 - 5*v**2. Let m be y(4). Let t = m + 29. What are the prime factors of t?
11
Let t(m) = m**3 + 10*m**2 - 12*m - 5. Let c be t(-11). Let a(f) = -f**3 + 6*f**2 + 2*f + 5. List the prime factors of a(c).
17
Let m be -1 - (2*-3)/2. Suppose -4 = m*y, f + y - 67 = -2*f. List the prime factors of f.
23
Let v(l) = -l**2 + 3*l. Let h be v(2). Suppose 3*s + h*s - 75 = 0. What are the prime factors of s?
3, 5
Let n be (-9)/(-2)*(0 - 2). Let a be (-3)/2*42/n. Suppose -a*h = -3*h - 40. List the prime factors of h.
2, 5
Let i = -7 + 8. Suppose -4*z + i = -15. What are the prime factors of z?
2
Suppose 0*a = -4*a - 16. Let o(q) = -q. Let r(f) = -1. Let h(z) = 2*o(z) - 2*r(z). List the prime factors of h(a).
2, 5
Let t(m) be the first derivative of 11*m**2/2 + m + 10. List the prime factors of t(